 = n + -6. Is d composite?
False
Let a = 95461 - -153826. Is a composite?
False
Suppose -s - 15*s = 361312. Let w = -15317 - s. Is w a prime number?
False
Suppose 12*y + 1968998 = 3*z + 11*y, -4*y = -2*z + 1312642. Is z a prime number?
False
Suppose 574697 = 77*l - 66*l + 96*l. Is l prime?
False
Let f = 24875 - 37434. Let h = -1788 - f. Is h a composite number?
False
Let i(h) = 56*h**2 - 11*h + 25. Let k(j) = -4*j + 2. Let v be k(-1). Let w be i(v). Suppose -6*u + 11*u = w. Is u prime?
False
Let v(o) = -11*o**2 + 10*o + 9. Let w(m) = -11*m + 49. Let j be w(5). Let n be v(j). Let r = n - -658. Is r a composite number?
False
Let a = 291 - 288. Suppose 4*m = 5*y + 5*m - 16254, -a*y - m = -9752. Is y prime?
True
Is 8708262/18 + -3 - (-14)/(-6) prime?
True
Suppose -4*g = -4*x + 706004, 2*x + 171572 - 524518 = -5*g. Is x a composite number?
True
Let b = -118 + 128. Suppose b*r - 20542 + 6572 = 0. Is r prime?
False
Suppose 0 = 15*w - 16*w - 4. Let c be (26 + 2)*2/w. Let d(x) = -24*x - 29. Is d(c) prime?
True
Let m(t) = 57*t**3 - 10*t**2 + 3*t + 9. Suppose -x = -2*k + 14, -2*k = k - 5*x - 35. Is m(k) a composite number?
False
Let q = -1642 + -7918. Let a = q + 18351. Is a a prime number?
False
Let q(g) = -863*g - 285*g + 105 - 89. Let l be q(5). Is l/(-30) - (-1)/5 prime?
True
Let n(p) = p + 1. Let b(i) = i**2 - 6*i. Let j(t) = -b(t) + 3*n(t). Let k be j(9). Suppose k*h - z = 1230, 394 = -h + 2*h + 5*z. Is h prime?
True
Let v(y) = -185*y + 3. Let h be v(-16). Suppose -h - 2177 = -4*l. Is l prime?
False
Let u(r) = r**3 + 4*r**2 - 4*r - 6. Let t be u(-6). Let z = 51 + t. Is z/2 - (7279/(-2) - 3) prime?
False
Let l = -4032 - -7748. Suppose 0 = -2*t - 4*o - l, 3*t - 2*o + o + 5553 = 0. Let j = -179 - t. Is j composite?
True
Is (-12)/(-11) + 11/(-121) - -9600 a prime number?
True
Suppose -23*s + 352 = 9*s. Suppose 0 = -4*g + s + 5, 3*m + 5*g = 2741. Is m a composite number?
False
Suppose 70*y - 9 = 69*y. Suppose -4*w = -w + q - 22542, -y = -3*q. Is w a prime number?
False
Let d(y) = y + 2. Let n be d(3). Suppose -17 = -n*g + 18. Suppose -4041 = -2*j - g*j. Is j prime?
True
Let d = 8118455 + -4544676. Is d a composite number?
True
Let x = -842 + 428. Suppose 4*z + y - 4368 = 0, 3*y - 3289 = -3*z - y. Let b = z + x. Is b a composite number?
False
Suppose 4*b = 7*k - 12*k - 360, 2*b - 360 = 5*k. Is (-12)/k + (-39003)/(-18) a prime number?
False
Let x = 14740 + 2863. Is x composite?
True
Suppose 51*h - 48399 = 49*h - 5*p, p = 2*h - 48393. Is h a composite number?
False
Let j = -44 + 79. Suppose -2*c + c = 3*o - 7, 3*c = 5*o - j. Suppose 6*d - 842 = o*d - 3*m, 5*d - 2079 = -m. Is d a composite number?
True
Is ((-24)/21)/2 - (-2521578)/42 a prime number?
True
Suppose 6 = -2*l, -2*p - l + 2 = 1. Suppose -70*g = 4*s - 67*g - 58778, 0 = 2*s + p*g - 29390. Is s prime?
False
Suppose -4*p = 28, -8*p = -r - 11*p + 122401. Is r composite?
True
Let s(p) = 6*p**3 + 14*p - 27. Let c = -117 - -115. Let m be -17 - -23 - (c + 1*-2). Is s(m) composite?
False
Let r = -38 - -41. Suppose -t + c = -756, 0*t + r*t + c = 2256. Is t composite?
True
Let c(a) = -2*a + 13. Let o be c(5). Suppose 4*s + 1 - 12 = -5*w, 4*w + o*s = 9. Suppose -r - w = -46. Is r prime?
True
Let z(o) = -326*o**2 + 4*o + 3. Let a(m) = 651*m**2 - 9*m - 7. Let v(d) = -2*a(d) - 5*z(d). Let l be v(-2). Let s = l + -596. Is s a prime number?
True
Suppose -f - 2*v + 11 + 13 = 0, -f - 3*v = -21. Is 87 + 12/f*5 a prime number?
True
Suppose 10*b + 12466924 = -15*b + 52882349. Is b a composite number?
False
Let p(z) = -167*z - 31. Let r be p(14). Let w = -1006 - r. Is w prime?
False
Let q(c) be the second derivative of 3*c**5/20 - c**4/3 - 2*c**3/3 - c**2/2 + 7*c + 2. Is q(6) a prime number?
True
Let o(q) = -86*q + 57. Suppose 5*j + 4*p = -96, 3*j = 2*p - 78 + 16. Is o(j) composite?
False
Suppose 33*a - 39*a = -119046. Is a composite?
False
Let z(g) = 10*g + 26. Let p be z(-7). Let u be p/(-55)*(-3)/(-2)*5. Is 742*15/u + -2 a prime number?
False
Let w(t) = -t**3 - 91*t**2 - 66*t + 565. Is w(-119) a composite number?
True
Suppose -7*i + 7*i = -7*i. Suppose i*a + 2*a - 360 = 0. Let f = a - 11. Is f composite?
True
Let q(g) = 7*g**2 - 11*g - 23. Let i be q(10). Suppose 9*s - 2*s + i = 0. Let a = 148 + s. Is a composite?
False
Let j be 454/(-18) - (-6)/27. Let n = -28 - j. Is (n - (-65)/10)*22 prime?
False
Let p be (-478)/15 + 8/(-60). Let g = -27 - p. Suppose 906 = 5*v + 4*a - 983, g*a = 5. Is v a composite number?
True
Is 13 + 1 - -5911*3 composite?
False
Is -2 + (-8)/(-6) + (0 - 418457/(-39)) a prime number?
True
Let w(r) = 2*r + 7. Let t be w(6). Is 5/1 - (-163 + t) a composite number?
False
Let b = -8 + 263. Let f = -361 + b. Let q = f + 267. Is q a composite number?
True
Suppose -8*a + 13*a - 27*a + 761882 = 0. Is a a composite number?
False
Let t(j) = -j**2 - 8*j - 5. Let v be t(-5). Suppose -n - l + v = 4*n, -5*n - 5*l - 10 = 0. Is (5/n + -1)/((-4)/(-318)) a prime number?
True
Is (-26 - -6 - -19)*-41863 a composite number?
False
Let m = 17651 + 876. Is m a composite number?
True
Let v = 23 + -28. Let h(b) = 2*b**3 - 3*b**2 - 4*b + 10. Let t be h(v). Let d = -44 - t. Is d a prime number?
True
Let x(a) = 7768*a**2 + 247*a - 13. Is x(6) composite?
False
Suppose 7*n - 6 = 10*n. Let u be (-2 - n)/(-2) + -2. Is (-12 + u)*(-3)/12*178 a prime number?
False
Let c(b) = -66*b**3 + 7*b**2 + 5*b - 79. Is c(-5) prime?
False
Let k = -9539 - -14670. Is k a composite number?
True
Let n(i) = -i**3 + 6*i**2 - 5*i - 2. Let a be n(5). Let w be 3*a/6 - -3611. Suppose -w - 473 = -3*p. Is p prime?
True
Suppose -16*t = -2*z - 17*t + 292546, 10*t = z - 146273. Is z prime?
True
Is (14/(-14))/((-5)/4520195) a prime number?
False
Let g(q) = q**3 + 25*q**2 + 47*q + 43. Let m be g(-23). Suppose m*a - 23*a = 5*n - 9714, -9693 = -5*n + 4*a. Is n a composite number?
True
Let a = 3314 + 2491. Suppose a = 2*z + 1331. Is z composite?
False
Let l(n) = n**3 + 26*n**2 - 18*n + 8. Let z be l(-27). Let p = 1304 + z. Is p a prime number?
True
Is (-6126)/(-10)*1540/77 + -13 a composite number?
False
Suppose 5*a - 4*s = 20, 9 + 6 = -a - 3*s. Let b be (-9)/6 - ((-214)/(-4) + a). Let n = b - -92. Is n prime?
True
Let v(f) = 17*f - 72. Let n(w) = -6*w + 24. Let q(u) = -8*n(u) - 3*v(u). Let z be q(9). Is 84/(-48) + z/(-4) + 8 a prime number?
True
Suppose -4*l + 579761 = -5*v, 434827 = 22*l - 19*l - 5*v. Is l prime?
False
Suppose 24*t - 194962 = 145190. Is t prime?
True
Is (-1 - (-2728422)/(-72))*-4 composite?
True
Let f(o) = 206*o + 487. Suppose 0 = -64*s + 72*s - 432. Is f(s) prime?
False
Suppose 0 = -18*a + 14*a + 192. Suppose 134445 = 3*p + 4*l, 47*p - a*p - 5*l = -44804. Is p composite?
False
Let d = -36794 + 224881. Is d a composite number?
True
Suppose 50*k - 7590075 = -51*k + 26*k. Is k a prime number?
False
Let u(i) = i**3 - 5*i**2 - i + 12. Let p be u(5). Suppose -p*w + 10*w = 189. Is (13314/w)/((-2)/(-3)) a composite number?
False
Let a be 3/((-27)/63) + 8262. Suppose 5*c = 5*i + a, 2*c - 6*c + 6616 = -i. Is c a prime number?
False
Let g(q) = 2125*q**2 + 11*q - 9. Suppose 0 = 59*s - 53*s - 12. Is g(s) a composite number?
False
Let m(i) = 228*i - 23. Let n be m(8). Suppose -a = -0*a - 3*g - n, 5390 = 3*a + 4*g. Suppose -a = 10*r - 12*r. Is r composite?
True
Suppose 5*l - 8 = -3. Suppose -g = 5, g - 2 - l = -4*t. Suppose -4*a + t*a + 418 = 0. Is a prime?
False
Is 24/108 + 6654352/144 composite?
True
Let m = -31249 - -63566. Is m a composite number?
True
Let s = 232862 + -105401. Is s a prime number?
False
Let q = -247 - -520. Let a = 595 - q. Suppose 0 = p + 5, -3*o + 230 = -3*p - a. Is o prime?
True
Suppose -5*r - 2*g = -666, -5*r + 0*g = 5*g - 675. Suppose -162 = -s + r. Let z = 611 - s. Is z a prime number?
True
Is -116 - -133 - (1 - 312181) composite?
False
Let u(a) = 2*a**2 + 17*a + 38. Let q(s) = 5*s**2 + 35*s + 77. Let r(c) = 4*q(c) - 9*u(c). Let i be r(11). Suppose -990 - i = -5*f. Is f a prime number?
True
Let c be ((-2)/6)/((-9)/33021). Let l = -821 + c. Suppose 4*f = l + 226. Is f composite?
False
Suppose -10 = -a + 99. Let z = a - 101. Is ((-33)/(-4))/(18/z - 2) a prime number?
False
Let x = 33 + -30. Is x*(4/(-10) - 159722/(-30)) a prime number?
True
Is (-39484)/(-6)*(1*4 - (-170)/(-68)) a composite number?
False
Let x = 4712 + -3246. Is 